ate -2 + 2 + 83 + (3293 - 3305).
71
Calculate -8 - (-15 - (-64 + 31 - -8)).
-18
Calculate 3 - ((-2 - -7) + 7 + -8) - (106 - 115).
8
Calculate 9 - (6 + 1 - (-138 + 138)) - (1 + 37).
-36
What is the value of 12 + (95 - ((8 - 0) + -1)) + -5 + 0?
95
Calculate 35 + 2 + -4 + (-132 - -230) + -106.
25
Calculate 63 + (-87 - 16) + -72.
-112
Calculate 51 - (84 + -211 + 87).
91
Calculate 3 - (2 + 2) - -9 - 69 - (1 + 8).
-70
Evaluate (-5 - 18) + (110 - (6 - -28)).
53
Evaluate -33 + (-3 - -2) + -16 + (151 - 117).
-16
(-10 - 5) + -108 + 142 + (-7 - 2)
10
Evaluate -39 + 69 + -21 + (-3 - (3 - (78 + 3))).
84
What is the value of -1 + 7 - (-37 + (-3 - -4) + (93 - 85))?
34
Calculate (2 - (-44 + 29)) + -5 + 2 + -61.
-47
Evaluate 101 - (-37 + 68 + (11 - 32)).
91
What is 42 + 94 + (-172 - -15)?
-21
137 + (-69 - 56) + 62
74
Evaluate (-3 - (-10 + 5 + 22)) + -3 + (-9 - -3).
-29
What is the value of (19 - (9 + -7 + 5)) + 22 + (3 - -28)?
65
47 + 11 + (1 - 28) + 231 + -218
44
Evaluate -2741 + 2665 + 1 + 33.
-42
Calculate 4 - (46 - -3) - ((-1 - -8) + 7 + -24).
-35
Evaluate -62 + (-21 + -39 - -110).
-12
What is 38 - (10 + (-3 - 5) - -27)?
9
(44 + 18 - 96) + 11
-23
Calculate 17 + (10 - -9) - (10 - -5).
21
What is the value of -97 + 2 - (-662 + 600)?
-33
Evaluate (-49 - -42) + (11 - 5 - 5) - -61.
55
(-38 + 164 - (52 + -25)) + 8
107
Calculate -15 - (-14 + 4 + -1 + (85 - 110)).
21
Calculate 3356 - 3402 - (-3 + 2).
-45
Evaluate 8 - (1 + 1) - (118 - (20 + -51 - -3)).
-140
Calculate (-5 - -3) + (15 + -12 - -19).
20
What is 42 + (2 - 14) - 5?
25
163 - (43 + 91 + -88)
117
What is 19 + -15 + -4 + 12 + 64 - -19?
95
Calculate (2 - (51 - 32 - (3 + 6))) + -2 + 6.
-4
Calculate -11 + (-7 - (4 + -11 - 2)) - 41.
-50
What is -133 - ((-69 - 19) + -28)?
-17
(32 - 26) + (16 - 1) + (-111 - -107)
17
54 - (-6 + 19 + (21 - 8) + (-12 - 13))
53
35 + 4 - -15 - 10
44
What is -85 + -50 + 68 + 15 + -2?
-54
What is the value of -56 - ((-11 - -4 - -3) + 8 + -13 + 2)?
-49
Evaluate -42 - (5 + 54 - (52 - 19)).
-68
Evaluate (0 - -12 - 5) + (21 - 10).
18
What is -46 + 74 + -34 + 33 + 1 + 0?
28
What is the value of -63 - (-97 - (-175 - -87))?
-54
What is -51 - (-93 - -19) - (0 - (3 + 2) - 5)?
33
Calculate -83 + 38 + 79 + -7 + 4.
31
What is (2 + 23 - (1168 - 1027)) + -30?
-146
Calculate -95 + 56 + -33 + 30.
-42
Evaluate 0 - 0 - (2 - (11 + -13)) - 58 - 2.
-64
Evaluate 51 + (39 - -48) + -151.
-13
20 + -1 - (72 - 86 - 16)
49
What is the value of (-110 - (-52 - 9)) + 102?
53
Evaluate 12 + -15 + 76 - -13 - (-15 - -6).
95
Evaluate -6 + 29 - (-368 + 401).
-10
Calculate 0 + -1 - (-111 + 28 - -97).
-15
Calculate -117 + 0 + -57 + 20 + 2 + 21.
-131
8 + (1 + -11 - -2 - -24) + -8
16
14 + (-5 - 3) + (33 - 9)
30
What is the value of -12 + 2 + 60 + -1 + 2 + -4?
47
What is the value of -86 - -64 - 20 - -45?
3
What is the value of 18 + (-43 - -154) + -94?
35
Evaluate 70 + (0 - 3) - 20 - -10.
57
What is the value of (33 - -5) + (5 + -46 - 42)?
-45
Calculate 52 - 46 - (-3 + 13).
-4
25 - -11 - (-402 + 354)
84
-2296 + 2349 + (0 + -5 - (3 + -3))
48
Evaluate 26 + -34 + -103 + -16 - (-6 - 2).
-119
Evaluate (-8 + 0 - (-78 - -5)) + (-6 + -1 - -11).
69
Calculate -70 + (-83 - -155) + 6.
8
Calculate -19 - (32 + 58 + -163).
54
Calculate 30 + -2 - 5 - (-2 + 11 + -18).
32
What is the value of -1709 - -1703 - (0 + -10)?
4
-16 + 0 - 0 - (4 - 1)
-19
Evaluate (-1934 - -1973) + -39 + -1.
-1
What is the value of -288 - (-47 + -108) - -197?
64
What is 19 + -2 + 5 + (19 - (-17 + (-1 - -44)))?
15
What is the value of 4 - ((4 - -3) + (-11 - (-8 - -49)))?
49
What is the value of 9 + (-4 - 0) + 108 + (13 - 45)?
81
Calculate -9 + (-17 - -21) + 14 + -16 + -105.
-112
Calculate 6 - -2 - (3 + -28 + 43 - 17).
7
Evaluate -41 + 9 + -2 + (9 - 5) + 4 + -14.
-40
What is 107 - (4 + 0 + -2 + -16 + 1)?
120
-180 + 122 + -12 + 77
7
What is the value of (-2 - (-4 - -10)) + (2 - (-1 + 33))?
-38
-45 + (1 + 1 + -8 + -1 - (-5305 + 5305))
-52
What is -14 - (-45 + 49 + -44)?
26
Calculate -7 + (44 - 1 - (-23 + (30 - 7))).
36
What is 1 + (14 - (17 - (8 + -1))) - 6?
-1
What is 5 - ((0 - -4) + -5) - (-111 + 21 + -12)?
108
116 + 4 - (-60 - -55 - -30)
95
What is (-37 - (3 - 0)) + 9 + -9 + -2 + 3?
-39
What is the value of -5 + -1 + (163 + -77 - (-1 - -15))?
66
45 + -101 + -6 + 4
-58
What is the value of -6 - (32 - (108 - 39))?
31
What is the value of 1191 - 1206 - (2 + (6 + -3 - 5))?
-15
Calculate -35 + (13 + (21 - 50) - 2).
-53
(9 + (46 - 55) + 1 + 0 - 10) + 57
48
Evaluate 10 - (48 - 39 - (0 + -3 + (4 - 5))).
-3
What is the value of -3 + (0 + -6 + 16 - (-18 - -32))?
-7
Calculate 15 + -12 - ((33 - 2) + (3 - 6) + -4).
-21
What is the value of -661 + 664 - (0 - 2 - 23)?
28
What is -9 - 23 - (-75 + 72) - -85?
56
What is (15 + (17 - 20) - 3) + -110 + 18?
-83
What is the value of 4 + (18 + -36 - (2 + -4))?
-12
Evaluate (-51 - (-112 + 0)) + -23.
38
46 - (39 + 12) - 18
-23
What is the value of (8 - 16) + (-382 - -317)?
-73
What is 97 - (-15 + (-9 - -6) + 26)?
89
What is 44 + -1 - (-1308 + 1244)?
107
Calculate 40 - 0 - -52 - (-2 - -16) - -13.
91
What is -5 + 11 + (45 - 15) - 58?
-22
What is -12 + 64 + 19 - 50?
21
What is 149 - (41 - 94 - -121)?
81
-103 + (118 - -158 - 82)
91
What is the value of -5 + 3 + (20 - (-9 + 2 + 5)) + 9?
29
Calculate -3 - (-122 + -85 - -122).
82
-52 + -2 + 18 - (1 + 1 + -1)
-37
Calculate -14 - (-29 + 32 + -10 + -7 + 2).
-2
Calculate -66 + 33 - ((-27 - 0) + -7).
1
What is the value of (-498 - -422) + (135 - 3)?
56
5 + (119 - -3) - (41 + 47 + -82)
121
What is the value of (806 - 837) + (-1 + 4 - 9)?
-37
Calculate 6 + (-81 - -92) + -5 + 1 + -10 - -3.
6
Evaluate 37 + -37 - (7 + -5 + -19).
17
What is the value of -752 + 760 + -9 + 6 + 1 + -56 + 0?
-50
Calculate (10 - 1 - 25) + 10 - -16.
10
Calculate -20 + (54 + -2 - 18).
14
What is (-21 - -20) + 3 + 0 - (17 + (-18 - -30))?
-27
Calculate -10 + -1 + (2 - -1) - (8160 - 8142).
-26
10 + 79 - 149 - (1 + -4 + 11 + -4)
-64
Calculate 5 + (13 - 26 - -7 - -9) + (3 - -4).
15
Calculate 52 + 4 - (-665 - -673).
48
Evaluate 4 - ((-39 - -15) + (-51 - 24)).
103
Calculate (47 - (24 + 21)) + 4 + 11.
17
(-64 - (20 + -41)) + 31 + -1
-13
What is (-1 + -2 + 1 - -23) + -100 + 92?
13
What is -14 + 4 - ((6 - -50) + -55)?
-11
Calculate 329 - 491 - (-28 + -12).
-122
What is (5 - (29 - 15)) + 9 - (-5 + 6)?
-1
What is -47 + (-8 + -14 - -73)?
4
What is the value of (-2 + 26 - -1) + (-73 - -41) + 36?
29
Calculate -2 + (-1 - -5) - 9 - ((109 - 53) + -47).
-16
What is the value of -110 + 29 + 47 - -112?
78
-6 - (-5 + 0 - (-26 - (-22 - (-26 + 23))))
-8
Evaluate (-31 + 4 + 4 - 38) + -4 + 3.
-62
Evaluate -143 - (-135 + 56 + 51).
-115
Calculate -2601 + 2642 + (-5 - 0) + 60.
96
What is 11 + (33 - ((-108 - -117) + (-3 - -4 - -1)))?
33
What is the value of (20 - 1) + -16 - (-24 + 5 - -8)?
14
Evaluate -56 - (-16 + -36 - -12).
-16
29 - (-26 + 19 + 23) - 44
-31
Calculate (6 - -23) + 3 - (385 + -417).
64
-35 - ((6 - 69) + 49) - (-1 + 51)
-71
What is the value of -23 + (0 + -44 - (246 + -298))?
-15
Evaluate -81 - (-72 - (107 + -144)).
-46
Calculate -6 + (-2 - -1) - (17 + -16) - (-1657 + 1643).
6
32 + 21 + -53 + 25
25
(-5 - (-3 - (10 - 23))) + 15 + 19
19
-36 + 64 - -57 - 5 - -6
86
Calculate -7 - ((5930 - 6016) + (-1 - (-17 - -2)) + 0).
65
What is (-9 + 24 - 13 - -23) + -61?
-36
-2 + 10 + -6 - (11 - -1 - -14)
-24
Calculate (7 - 24) + 24 - (14 + 38 + 3 + 1).
-49
Calculate -5 + 64 - 90 - -61.
30
What is (96 - (46 + -7)) + -34 - 136?
-113
-101 + 24 - -49 - -166
138
-10 + 2 - ((10 - 33) + (-5 - 11))
31
Evaluate (-5 - -4) + 2 + -12 + 6 + -26.
-31
What is the value of -884 + 876 + 21 + 4?
17
(1 - -14) + 10 + (-23 - -13) + (-145 - -20)
-110
-23 - 0 - 3 - (-135 + 128)
-19
What is the value of 18 + (17 - 2 - (11 - 9))?
31
Calculate (1538 - 1541) + (-35 - (-1 + 1 + -1)).
-37
What is the value of (17 - 9 - (-52 - -47)) + (-3 - (25 + 2))?
-17
(0 - -3) + -74 - ((-36 - -38) + -25 + 11)
-59
What is the value of 31 + -178 + 207 + (3 - -20)?
83
Evaluate (11 - 13) + -9 - (-11 + 1) - -42.
41
What is (24 - -1) + (-95 - -218 - (-23 - -48))?
123
Evaluate -105 + 116 - (1 + 1 + (-103 - -18)).
94
What is the value of -2 + 59 + (6 + 7 + -6 - (-95 + 99))?
60
What is 9 + (3 - -39) - 39?
12
(11 + -20 - -59) + -18 + (-2 - 7)
23
Evaluate 22 - 3 - (51 + 24 + 1 + -10).
-47
-7 - ((6 - (1 - 14)) + -67)
4